8)/(t/4). Suppose d + 16 = -3*j, 1 = -d - j - h. Let c(p) = -2*p + 1. Calculate c(d).
9
Let v(d) = -d**3 - 2*d**2 - d - 3. Let n be v(-2). Let i(p) = -p. Give i(n).
1
Let a(l) = -3*l + 2. Let b(u) = -u**3 - 10*u**2 - 11*u - 10. Let d be b(-9). Let q(w) = w - 7. Let h be q(d). Let p = 1 + h. Give a(p).
-4
Let h(f) be the third derivative of f**5/60 + f**3/3 - 4*f**2. Calculate h(2).
6
Suppose g = 5*h - 64 + 19, 30 = 2*h + 2*g. Let q(o) = o**3 + 3 - 3*o - 9*o**2 + h*o**2 + 0. Suppose 3*f - 6*r + 21 = -2*r, -2*r = 4*f + 6. What is q(f)?
-6
Let b(d) = d**3 + d**2. Let v = -8 - -11. Suppose 5 + v = -4*q. Give b(q).
-4
Let i be 12/(-8)*(-20)/(-15). Let t(f) = f - 2. What is t(i)?
-4
Suppose 0 = 378*k - 372*k + 36. Let t(o) be the first derivative of o**3/3 + 5*o**2/2 - o + 1. What is t(k)?
5
Let t(f) = -f**3 + 6*f**2 - f + 3. Let p(q) = -4*q**3 + 19*q**2 - 4*q + 10. Let d(r) = -2*p(r) + 7*t(r). Let a(v) = v**2 + 6*v - 10. Let b be a(-7). Give d(b).
7
Let z(r) = 2*r**3 - 4*r**2 + 3*r. Suppose 0 = -4*j + 7*j + 21. Let b = -5 - j. Determine z(b).
6
Suppose -7*s = -2*s - 35. Let p(d) = d - 11. What is p(s)?
-4
Let t = -2 + 1. Let g(i) = 2*i**2 - i + 5. Let n(o) = 2 - 1 + 0 + 0. Let u(v) = -g(v) + 5*n(v). Give u(t).
-3
Let k(p) = p**3 - 9*p**2 + 4*p**2 + 4 + p**2 - 2*p. Calculate k(4).
-4
Let k(b) = -2*b + 10. Let g(z) be the third derivative of -z**4/24 + 5*z**3/3 + 2*z**2. Let p(i) = -3*g(i) + 2*k(i). Let v be (0 - 1)*(-1 - -6). Determine p(v).
-5
Let j = 6 + -10. Let p(d) = -d**3 - 3*d**2 - d - 5. Determine p(j).
15
Let o(x) = -3*x - 6. Suppose 0*j - 3*j = 4*b - 22, 0 = j - 2*b + 6. Suppose -j*d + 5*q - 20 = 3*d, 4*q = d + 4. Give o(d).
6
Let y(n) = -5*n**3 - 8*n**3 + 6*n**2 - 5*n + 12*n**3 + 6. Suppose -4*v - 5 = -5*v. Determine y(v).
6
Let z(n) = n. Let r(h) = -h - 5. Let y(j) = r(j) - 2*z(j). Determine y(8).
-29
Let p(u) = 3*u - 5. Let s(v) = v. Let g be 3/(-6)*0 + -2. Let t(k) = g*s(k) + p(k). Let j(n) = -n + 3. Let f be j(3). What is t(f)?
-5
Let t(n) = 5 - 1 - n**2 - 2 + 5*n. What is t(4)?
6
Let s(a) = -5*a + 1 - 5 + 2*a. Let q(l) = -3*l - 3. Let j(m) = 2*q(m) - 3*s(m). Let g be 2/(-6) - (-14)/(-3). Calculate j(g).
-9
Suppose 5*c + 7 + 13 = 0. Let q = 11 + -11. Let d(y) = 0*y**2 + q*y**3 + 5 + 3*y**2 - 4 - 4*y + y**3. Give d(c).
1
Let o(l) = -l**3 + 3*l**2 + 5*l + 3. Let p(r) = -r**2 - r. Let c = 9 - 10. Let f(i) = c*o(i) - 3*p(i). Determine f(-2).
-7
Let b be (3/(-9))/((-4)/(-24)). Let r = -5 - b. Let x(k) = -5*k - 1. Let h(z) = -z. Let p(u) = 4*h(u) - x(u). What is p(r)?
-2
Let g(i) be the second derivative of -i**7/2520 + i**6/180 - i**5/60 + i**4/2 + 6*i. Let s(f) be the third derivative of g(f). Determine s(6).
-14
Let m(g) = -13*g. Let w be 14/12 - (-4)/(-24). Let b be 6/(-9)*-3 - w. Determine m(b).
-13
Suppose 0 = -45*c + 39*c - 6. Let a(z) = -5*z + 1. Determine a(c).
6
Suppose 5*i + 2 = 6*i. Let v = i + -1. Let d(y) = v + y**2 - y**3 - y - 4*y**2 + 2*y**2. Calculate d(1).
-2
Let u(x) = 10*x**3 + 2*x + 1. Let t be u(-1). Let y = t - -7. Let o(j) = j**3 + 4*j**2 - j + 4. What is o(y)?
8
Let o(p) be the second derivative of -1/20*p**5 - p - p**2 - 1/2*p**3 - 1/4*p**4 + 0. Give o(-2).
0
Let l(r) be the second derivative of r**7/840 - r**5/120 - r**4/8 + r**3/3 - r. Let n(q) be the second derivative of l(q). What is n(0)?
-3
Let z(r) be the first derivative of -r**4/4 - r**3/3 - r**2/2 - 10*r + 7. What is z(0)?
-10
Suppose -8 = -2*v - 0. Suppose -v = -3*o + 5. Suppose 3*f - 16 = -2*i - 3, -o*i + 6 = 0. Let g(r) = r + 1. Calculate g(f).
4
Let j(y) = -y**2 - 2*y - 3. Suppose 41*p + 18 = 35*p. What is j(p)?
-6
Let n(z) be the third derivative of 1/12*z**4 - z**2 + 0*z**3 + 1/24*z**5 + 0 - 1/360*z**6 + 0*z. Let f(l) be the second derivative of n(l). What is f(4)?
-3
Let x(w) = 3*w**3 - 3*w**3 + w**3 + 1. Give x(-1).
0
Let h = 6 + -3. Suppose -3*r - h = 2*c, 0*c - 2*c - 7 = -r. Let p(g) = r + 0 - g + 0. Calculate p(-3).
4
Let b(w) be the second derivative of -w**4/12 - w**3/6 + 3*w**2/2 - w. Let m be b(-3). Let c(s) = -4 - s + 0*s - s. Calculate c(m).
2
Let x(v) = -7*v**3 + 2*v**2 - 2*v + 1. Let n(j) = -j**2 + 8*j + 5. Let i be n(8). Let r = i + -4. Determine x(r).
-6
Suppose 8 = 5*v - v. Let w(o) = 7 - 3*o + 3*o + 4*o**v - 3*o**2. Suppose 0 = 4*j - j. Give w(j).
7
Let w be 1/4 + 4/(-16). Suppose 3*n - 2*n = -j + 5, 4*n + 3*j - 18 = 0. Suppose -n = -w*a - a. Let k(l) = l**2 - 6*l + 3. Calculate k(a).
-6
Suppose -2*s + 4*x = 15 - 5, 2*s + 6 = 2*x. Let f(g) = g**2 - g + 1. Let y(r) = 2*r**2 - 3*r + 11. Let z(a) = s*y(a) + 3*f(a). Calculate z(0).
-8
Let g be (-7)/(-3) + 2/(-6). Suppose 2*b + 6 = 4*i + 22, -4*b - 4*i = 4. Let n(d) = g*d - 5*d**2 + 4*d**b - d. What is n(3)?
-6
Suppose 0 = -3*q + 5 + 22. Let r = 11 - q. Let j(v) = -v**2 + 2*v. Calculate j(r).
0
Let q be (-1 - -1)/(2 + -4). Let x be -4*(1 - q)/(-2). Let y(j) = 3*j - 4*j + 6*j - x. Determine y(2).
8
Let n(c) = -3*c**2 - 7*c - 22. Let k(a) = -2*a**2 - 4*a - 11. Let p(l) = -5*k(l) + 3*n(l). Let m = -28 - -28. Determine p(m).
-11
Let i(z) be the third derivative of -z**8/20160 + z**7/5040 + z**6/360 + z**5/6 - 7*z**2. Let r(v) be the third derivative of i(v). Give r(-3).
-10
Let w(n) = 6*n - n**2 - 2 - 16*n + 11. Calculate w(-11).
-2
Let l be (9/(-12))/(3/(-12)). Let w(q) = q**l - 4*q**2 - 25 + 0*q**2 + 2*q + 19 + 2*q. Determine w(4).
10
Let i(r) = 4*r + 2. Let a(s) = -3*s - 3. Let z(x) = -2*a(x) - 3*i(x). Let f = -30 - -31. Calculate z(f).
-6
Let l(k) = -k. Let f(b) = b - 19. Let a(q) = q - 9. Let s(m) = 5*a(m) - 2*f(m). Let j(h) = -4*l(h) - s(h). Give j(-5).
2
Let g be -2 + (-1 - -4 - -1). Let o(k) = k**2 - k + 8*k + 0*k**g + 12 - 6. Determine o(-4).
-6
Let l(t) be the third derivative of -t**5/60 + 5*t**4/24 - t**3/3 - 11*t**2. Suppose 0 = 4*n - 23 - 1. What is l(n)?
-8
Let q(s) = -6. Let c(r) = -1 + 1 + 2*r - 3*r. Let y(i) = -c(i) - q(i). Calculate y(-5).
1
Let p = 11 + -8. Let v(y) be the second derivative of -1/12*y**4 + y + 2/3*y**3 + 0 - 2*y**2. Determine v(p).
-1
Let s(t) = t - 1. Let g(l) = 6*l + 3. Let f(u) = g(u) - 5*s(u). Determine f(-6).
2
Let h(d) = -d + 2. Suppose -23 = -2*m - z + 4*z, -3*z = m + 11. What is h(m)?
-2
Suppose -5*o + 2*o + 6 = 0. Let m(n) be the second derivative of -n**5/20 + n**4/12 + n**3/6 + n**2 - 4*n. What is m(o)?
0
Let g(f) = 9*f**3 + 4*f**2 - 13*f + 4. Let w(i) = 3*i**3 + i**2 - 4*i + 1. Let y(l) = -2*g(l) + 7*w(l). Determine y(-1).
-3
Let i(p) be the first derivative of -p**5/120 - 3*p**4/8 + p**3 + 1. Let f(c) be the third derivative of i(c). Calculate f(-4).
-5
Suppose 4*f + 31 - 7 = 0. Let c(v) be the third derivative of 0*v - v**2 + 0 + v**3 + 1/24*v**4. Calculate c(f).
0
Let f = 8 + -6. Let w(v) = -2 - v - 1 + f. Give w(-3).
2
Let r(f) = f**2 + 5*f + 7. Let l(c) = -c**3 + 9*c**2 - 9*c + 3. Let o be l(8). Determine r(o).
7
Let a(k) = -k**2 - 5*k - 2. Let u(n) = -n**2 + 12*n - 11. Let s be u(11). Suppose -2*x - 7 - 1 = s. Let z be a(x). Let m(o) = -o**3 + 2*o**2 + o. What is m(z)?
2
Let g be 18/99 - (-4)/(-22). Let s(z) = z - 7. Let m be s(6). Let w be (-2 + g - -1) + m. Let d(q) = 3*q + 1. Give d(w).
-5
Let c(j) = j. Suppose 240*g - 239*g = -5. Determine c(g).
-5
Let h(t) be the second derivative of t**3/6 + t**2 - 21*t. Determine h(3).
5
Let z(o) be the first derivative of o**3/3 + 7*o**2/2 - 11*o - 19. Give z(-8).
-3
Let h(t) be the first derivative of -t**4/4 + t**3/3 + 13*t + 7. Determine h(0).
13
Let q(s) = 0*s + 4*s**2 + 0*s**2 - 5*s - 5*s**2 - 3. Suppose 6 = -5*n + 3*n. Determine q(n).
3
Let w(s) = -49*s**3 + s**2 - 2*s. Let c(g) = 25*g**3 - g**2 + g. Let o(k) = -5*c(k) - 3*w(k). What is o(-1)?
-21
Let f be ((-7)/((-28)/6))/(2/12). Let m(y) = -y - 11. Give m(f).
-20
Let k(h) be the first derivative of -3*h + 2 + 1/3*h**3 - 5/2*h**2. Suppose -4 - 11 = -3*c. What is k(c)?
-3
Let c(i) be the second derivative of i**5/60 - 3*i**4/8 - i**3/6 + 2*i. Let k(g) be the second derivative of c(g). Calculate k(6).
3
Let r(b) = -6*b - 3*b**3 + 1 + 2*b**3 - 23*b**2 - 2 + 30*b**2. Give r(6).
-1
Let r(f) be the third derivative of -f**5/30 - f**3/6 + 5*f**2. Calculate r(-2).
-9
Let v(j) = -2*j**2 + 11*j - 17. Let k(n) = 3*n**2 - 12*n + 18. Let t(c) = 3*k(c) + 4*v(c). Give t(-10).
6
Suppose -3*r - 2*r - 2*c = -17, -3*r + c = -19. Let a(x) = -20*x - r + 